2
In base 6, what is -10550002 - 55?
-10550101
In base 12, what is -39 + -6a5670?
-6a56a9
In base 5, what is 3300403143 + -2?
3300403141
In base 10, what is -28526362 - 1?
-28526363
In base 5, what is 1140 + 1212123413?
1212130103
In base 5, what is -300 - 144342330?
-144343130
In base 2, what is 100 - -101111010110011010010000101?
101111010110011010010001001
In base 3, what is 10 - 120200200210100202?
-120200200210100122
In base 16, what is -2c9a6 + 33?
-2c973
In base 2, what is 1101000001 - -10001010101111?
10010111110000
In base 3, what is -11112000012 + 2000122?
-11102222120
In base 2, what is 1011011111100011 - -100100110100?
1100000100010111
In base 5, what is 2222 - -1244320?
1302042
In base 3, what is -1100021001101211 + 0?
-1100021001101211
In base 2, what is 1001000001011001110 - -100111?
1001000001011110101
In base 5, what is -24213 + 1231333?
1202120
In base 11, what is -6 + -406215?
-406220
In base 15, what is -c5 + 63a1b?
63946
In base 6, what is 0 + 5304534205?
5304534205
In base 9, what is 22 + -2744581?
-2744558
In base 14, what is bbc - -377d?
455b
In base 8, what is -154 + 326312?
326136
In base 14, what is -130 + -4441?
-4571
In base 11, what is 3818 + -1a25?
18a3
In base 14, what is 15ac1d0 - 19?
15ac1b5
In base 10, what is -2520 - -17997?
15477
In base 6, what is 2 - -105444232?
105444234
In base 11, what is 4a4 - -15a519?
15aa12
In base 3, what is -10102002011 - -120?
-10102001121
In base 13, what is -10 - -399c9?
399b9
In base 11, what is -10763454 - -1?
-10763453
In base 9, what is -5 - 17871871?
-17871876
In base 12, what is -114593 - -60?
-114533
In base 16, what is 12409 + -1b64?
108a5
In base 12, what is 3b1982a + -101?
3b19729
In base 5, what is -2033142 - -4433?
-2023204
In base 10, what is -20242609 + -29?
-20242638
In base 5, what is 24444 - -24142?
104141
In base 4, what is -3 + -2311123001?
-2311123010
In base 4, what is 33200112 + 10010?
33210122
In base 15, what is 21949c + 1e?
2194bb
In base 3, what is 211000001021 - 111110?
210222112211
In base 2, what is -101100101010001100 + -1011110?
-101100101011101010
In base 6, what is -11202514 + -112?
-11203030
In base 16, what is 1add53 - 1?
1add52
In base 14, what is a493a0 - -a?
a493aa
In base 13, what is -55b - -3729?
319b
In base 12, what is -244a9 - 1787?
-26074
In base 15, what is 19 + 18273b?
182755
In base 11, what is 5027 + 7a14?
11a40
In base 8, what is -47773114 + 34?
-47773060
In base 15, what is -1724050 - -1?
-172404e
In base 5, what is 10 - -112022313401?
112022313411
In base 7, what is -151650 + 11623?
-140024
In base 14, what is 3 - 3c0bcd?
-3c0bca
In base 16, what is 0 - 21d8cc?
-21d8cc
In base 5, what is 122111 + 1013200?
1140311
In base 12, what is 30a8aa - -8?
30a8b6
In base 12, what is -12b0762 - -68?
-12b06b6
In base 12, what is -791 + 42508?
41937
In base 11, what is 5 - -1573716?
1573720
In base 4, what is -10031312001 - 1?
-10031312002
In base 14, what is 2b52c742 + 0?
2b52c742
In base 13, what is -3c6 - 5182?
-5578
In base 15, what is -249be8d + -3?
-249be91
In base 16, what is 18ef1e - 4?
18ef1a
In base 16, what is b + 1a5b0?
1a5bb
In base 8, what is -23 - -552704?
552661
In base 8, what is -224105 - 6010?
-232115
In base 11, what is -3a + 133a3855?
133a3816
In base 9, what is -47 + 10124030?
10123872
In base 6, what is -210404 - -25535?
-140425
In base 10, what is -388606 - -1712?
-386894
In base 4, what is -22 - 222031313?
-222032001
In base 13, what is 2920 - -5697?
82b7
In base 11, what is 462 - 17453?
-16aa1
In base 11, what is -10812a63 - 3?
-10812a66
In base 7, what is 212 + -1050441?
-1050226
In base 14, what is -4 - -123bb75?
123bb71
In base 16, what is -6bcf + 3e?
-6b91
In base 16, what is -1 - f2c23a?
-f2c23b
In base 6, what is 222 + -35035?
-34413
In base 5, what is 12 - 204334441?
-204334424
In base 5, what is -2031 - -2302233?
2300202
In base 10, what is -379 + -58904?
-59283
In base 4, what is -131213133 - 20000?
-131233133
In base 9, what is 45 + 4540161?
4540216
In base 9, what is 3 - 635247353?
-635247350
In base 13, what is -6acb75a - 7?
-6acb764
In base 12, what is -8588302 - 3?
-8588305
In base 10, what is -5413 + 1724?
-3689
In base 10, what is -124 + -326897?
-327021
In base 12, what is 103a73 - -72?
103b25
In base 10, what is -5429 - -28773?
23344
In base 5, what is -344014 + -2022?
-401041
In base 9, what is 1113 + -56722?
-55608
In base 4, what is 3310003120 - 2030?
3310001030
In base 13, what is 5306363 - -4?
5306367
In base 9, what is 44717373 + 1?
44717374
In base 7, what is 5 - 4653223565?
-4653223560
In base 12, what is -37a9 + -154b?
-5138
In base 5, what is -2122404141040 + -4?
-2122404141044
In base 5, what is -2442 + -2000144?
-2003141
In base 7, what is 415302430 - 3?
415302424
In base 8, what is 220 + 2612307?
2612527
In base 14, what is 5314 + 20972?
25c86
In base 10, what is -290151207 + 3?
-290151204
In base 14, what is 6d10732 - -4?
6d10736
In base 7, what is -21065 + -412?
-21510
In base 8, what is -4 - -240025613?
240025607
In base 14, what is -798 + -929c0?
-93378
In base 13, what is -505a9 + -34b0?
-53a89
In base 9, what is -4201 + 558027?
553726
In base 5, what is 11011421 + -320?
11011101
In base 8, what is -10255 + -3151?
-13426
In base 14, what is -55d737 + 0?
-55d737
In base 15, what is 2b6 + -22a?
8b
In base 14, what is 52d + -404a?
-391b
In base 8, what is 1325 - 2105137?
-2103612
In base 12, what is -b2 + -49551?
-49643
In base 13, what is -7 - -15646a3?
1564699
In base 10, what is -1 + -26653791?
-26653792
In base 7, what is 30210240214 - 3?
30210240211
In base 2, what is 111 + 10101001110010101111111101?
10101001110010110000000100
In base 3, what is 2000110212 - 202100?
1222201112
In base 2, what is 100001100 + 110011001011000111011?
110011001011101000111
In base 4, what is 23033 - -3322023113?
3322112212
In base 9, what is -330275 + -1201?
-331476
In base 16, what is -4 - -6aea0de?
6aea0da
In base 11, what is 35272 + 2546?
37808
In base 13, what is -370 + 1890?
1520
In base 7, what is 45061 + 322?
45413
In base 11, what is 969516084 + 5?
969516089
In base 10, what is 15 - -3457425?
3457440
In base 8, what is -5164350 - -4?
-5164344
In base 9, what is 3822 + 3753?
7675
In base 5, what is 14111310 + 3?
14111313
In base 5, what is 423420343 + 0?
423420343
In base 3, what is 2 + 222200112111011?
222200112111020
In base 12, what is 224 - 9945?
-9721
In base 7, what is 1356065550 - -21?
1356065601
In base 16, what is 2293f - -5c3?
22f02
In base 14, what is 92d264 - -8?
92d26c
In base 6, what is 11 - -2104424235?
2104424250
In base 10, what is -14356468 - -4?
-14356464
In base 11, what is -714 - 117a8?
-12411
In base 9, what is 42001 - -704?
42705
In base 2, what is -101 - -1100001000111101011?
1100001000111100110
In base 13, what is -8 - -192447b?
1924473
In base 12, what is -4 - 1392257?
-139225b
In base 15, what is -45 - 3d4c2?
-3d517
In base 7, what is -11514012 + 6?
-11514003
In base 8, what is -24756511 - 1?
-24756512
In base 10, what is 35670 - -442?
36112
In base 13, what is -b835532 + -3?
-b835535
In base 3, what is 102020110222020 + -12?
102020110222001
In base 6, what is 4 - -1340413104?
1340413112
In base 4, what is -201 + -32300320?
-32301121
In base 16, what is -3818b4e + 9?
-3818b45
In base 9, what is 1168124 - -4?
1168128
In base 11, what is -160 - 641a1?
-64351
In base 9, what is -28 - -756442?
756413
In base 13, what is 437a9166a + -1?
437a91669
In base 3, what is -2002 - -2120112212?
2120110210
In base 15, what is -9 + -221499a?
-22149a4
In base 4, what is -222321221210 + -2?
-222321221212
In base 15, what is -24 - -7acdb?
7acb7
In base 14, what is 285 - d5a4?
-d31d
In base 14, what is -124a79a4 + 3?
-124a79a1
In base 12, what is -175634 + -861?
-176295
In base 7, what is 435 - -600601?
601336
In base 6, what is 22 - 145255112?
-145255050
In base 8, what is 5110373 + 54?
5110447
In base 4, what is 103011320 - -2003?
103013323
In base 15, what is -8c7 + 2177?
17a0
In base 15, what is -66e259 - 1a?
-66e274
In base 15, what is -67634 + -1c2?
-67806
In base 5, what is 10033010 + -10424?
10022031
In base 15, what is 1a9622 + -7d?
1a9594
In base 15, what is -10d4c4 + 13?
-10d4b1
In base 15, what is 1ba9 - -13d?
1ce7
In base 3, what is -11000020101120002 + 10?
-110000201